 Let o = z - 33. What is the tens digit of o?
9
Let o(j) = 13 - 8*j - 145*j + 70 + 5. What is the hundreds digit of o(-7)?
1
Let m(b) = 2*b**2 - 3 + b**2 - 4*b - 2*b**2 + 10. Let d be m(2). Suppose 0 = 4*i - 4*s - 584, -d*i + 0*i = -2*s - 438. What is the hundreds digit of i?
1
Let z = 81587 - 41097. What is the hundreds digit of z?
4
Let t(b) = -14*b - 4. Let x be t(4). Let j be ((-28)/6)/((-10)/x). Let s = j - -104. What is the tens digit of s?
7
Suppose -9251*p + 302342 = -9246*p + g, -5*g = -35. What is the thousands digit of p?
0
Let i = -29 + 34. Suppose -i*j - 47 = -127. Suppose 15*f = j*f - 8. What is the units digit of f?
8
Let w be (-1)/(4 + 0 + (-52)/12). Suppose 216 + 6 = w*k. Suppose 4*j = 5*b + k, -3*j + 0*b = 5*b - 73. What is the tens digit of j?
2
Suppose -2*h + 4*n = 3*n + 82, -4*n = 5*h + 231. Let k = h - -35. What is the tens digit of (-2)/k - (-4675)/68?
6
Let g(c) = -3*c**2 - 8*c + 27. Let p be g(-11). Let v be (2/(-2))/(2 - (-504)/p). Let h = v + 122. What is the tens digit of h?
5
Suppose -10 = -2*t - 2*n, 5 + 1 = -2*t + 2*n. Let u(g) = 205*g**3 + 3*g**2 - g - 2. What is the hundreds digit of u(t)?
2
Suppose 11*x - 57215 = -4*h + 52517, -h = 3*x - 27434. What is the ten thousands digit of h?
2
Let l(x) = -46*x**3 + x**2 + 11*x + 81. What is the thousands digit of l(-4)?
2
Let u(n) = -9*n**2 - 2*n - 27. Let d(y) = -5*y**2 - y - 14. Let j(l) = -11*d(l) + 6*u(l). Let h be j(5). Suppose h + 15 = z. What is the units digit of z?
7
Let d = 20001 + -11123. What is the tens digit of d?
7
Suppose -35*y + 30*y - 5 = 0. Let p be (y + 4)*(1492/6 + -4). Suppose -j + 195 = -2*l + 7*l, 4*j - 3*l - p = 0. What is the units digit of j?
5
Let u(m) = 16*m + 13. Let p(a) = -a**2 - 7*a - 6. Let d be p(-3). What is the hundreds digit of u(d)?
1
Suppose -7*q - 3*q = 0. Suppose -2*h = -q*h - 462. Let w = h - 129. What is the units digit of w?
2
Let o(s) = -5*s**2 - 21*s + 37. Let z be (32/4 + -4)/1. Let t(p) = -6*p**2 - 22*p + 36. Let c(j) = z*t(j) - 5*o(j). What is the units digit of c(-20)?
9
Let q = 21776 - 2738. What is the hundreds digit of q?
0
Suppose -4*t + 132376 = -2*y, y = 3*t - 36086 - 63200. What is the tens digit of t?
9
Suppose i + 20 = 6*i. What is the units digit of 2 + 857 + (-5)/1 + i?
8
Suppose -230444 = -76*b + 152880 + 798704. What is the tens digit of b?
5
Let r = -85 + -210. Let t = -262 - r. What is the units digit of t?
3
Let t be 5*((-18)/108 + 14/12). Suppose t*c = -3*v + 2104, -3*c - 4*v + 1269 = -0*v. What is the tens digit of c?
1
Let m(d) = -d**3 - 13*d**2 + 18*d + 60. Let a be m(-14). Suppose a*g - 45 = 471. What is the hundreds digit of g?
1
What is the tens digit of (-162 - -162) + (2*-1)/1 + 3766?
6
Let t = -2231 - -1099. What is the units digit of t/(-5) - (-24)/(-60)?
6
Let z(t) = 6*t - 5. Let i be z(-1). Let g(b) = -1. Let d(s) = -s**2 - 29*s + 8. Let y(x) = d(x) - 2*g(x). What is the units digit of y(i)?
8
Let s = 28949 - -1802. What is the hundreds digit of s?
7
Suppose 0 = 7*p + 80 - 192. What is the tens digit of -1*(-4)/(-5)*(-1640)/p?
8
Let x = 206 - 116. Let g = x + 63. What is the hundreds digit of g?
1
Let y(s) = 2*s**2 - 5*s - 2. Let h(v) = 2*v**3 - 3*v**2 + 2*v - 3. Let p be h(2). Suppose -p*a = -l - 8, 3*l + 9 = l + 3*a. What is the tens digit of y(l)?
3
Let r(w) = -w**3 - 12*w**2 + 16*w + 29. Let b(k) = -k. Let l(s) = -3*b(s) + r(s). Let t = 20 - 34. What is the hundreds digit of l(t)?
1
Suppose 2*c + d = 6142, -d - 2*d - 6 = 0. Let f = c - 2086. What is the hundreds digit of f?
9
Let r be (-2)/12 - 50/(-12). Let a(j) = 10*j + 3 - 9*j + r*j - 10*j**2 + j**3. What is the units digit of a(11)?
9
Let g(m) be the second derivative of -22*m**3/3 - 217*m**2/2 - 71*m. What is the tens digit of g(-12)?
1
Let f(z) = 4081*z + 74. What is the thousands digit of f(1)?
4
Let r = 132 - -13841. What is the ten thousands digit of r?
1
Let v = 291 + -288. Suppose 4*o - 199 = -l, -2*l + o = v*o - 374. What is the units digit of l?
3
Suppose 0 = 7*c - 42 - 14. Let b(x) = -x**2 + 17*x - 59. What is the units digit of b(c)?
3
Suppose -387*r + 393*r = -3786. Let u = 1251 + r. What is the tens digit of u?
2
Suppose 0 = 370*k + 6267747 - 18658677. What is the hundreds digit of k?
4
Let i(g) = g + 56. Let x be i(0). Suppose x = 5*b - 304. What is the tens digit of b?
7
Let m be (896/(-12))/(2/(-6)). Let k = -68 + m. What is the units digit of k?
6
Suppose 0*f + k = -2*f + 7, -3*f - k = -9. Suppose -c - 5*x = -5*c + 215, 0 = -2*c + x + 103. Suppose 0 = -7*j + f*j + c. What is the tens digit of j?
1
Let z = -62 + 58. Let x be ((-16)/12)/(z/(-6)). What is the units digit of ((-303)/2)/3*x?
1
Let o be 0 + 3 + 1*(-11847)/(-3). Suppose 64*d = 56*d + o. What is the hundreds digit of d?
4
Suppose -45*x + 91*x - 181020 = 26*x. What is the thousands digit of x?
9
Let u = 127038 + -46867. What is the ten thousands digit of u?
8
Let x(q) = 102*q - 10. Let p be x(9). Let v = p - 642. What is the tens digit of v?
6
Suppose 43*t - 39*t - 48 = 0. Suppose -3686 = -t*v - 1178. Let q = v - 146. What is the tens digit of q?
6
Let y(c) = -17*c**3 - 8*c**2 + 56*c + 13. What is the units digit of y(-16)?
1
Let p(i) = 234*i**3 - i**2 + 5*i + 7. What is the tens digit of p(2)?
8
Let u = 23746 - 23586. What is the hundreds digit of u?
1
Let f(m) = -46*m - 131. Let o be 1/(-5) - (-148)/(-10). What is the hundreds digit of f(o)?
5
Suppose m = -3*u + 18629, u - 20 = -13. What is the tens digit of m?
0
Let r be (23/(207/2592))/(2/14). Let v = 3296 - r. What is the hundreds digit of v?
2
Let g = 225 + -308. Let x = g - -107. What is the units digit of x?
4
Let z(l) = 1030*l + 9. Let j(c) = 1028*c + 11. Let t(p) = -3*j(p) + 4*z(p). What is the units digit of t(1)?
9
Suppose 47*c - 227378 = 246570. What is the ten thousands digit of c?
1
Let n be (-3)/(-2 + -1) + 23. Let r be (0/1)/(n/(-6)). Suppose -d + 6*d - 170 = r. What is the tens digit of d?
3
Let m(z) be the third derivative of -z**6/120 + 11*z**5/30 - 3*z**4/2 - 3*z**3/2 - 7*z**2. Let r be m(20). Suppose k - r = 11. What is the tens digit of k?
8
Suppose -1227875 = -410*b + 1787265. What is the units digit of b?
4
Let d(u) = 127*u**2 - 23*u + 462. What is the thousands digit of d(10)?
2
Suppose 4*z - 37073 = -5*n, 2*n - 4*z + 6*z = 14828. What is the thousands digit of n?
7
Let y be (-6 - -8)*((-6)/1)/2. Let p be y*(4 - 3) + 4. What is the hundreds digit of (7 + p)*(0 + 38)?
1
Let w(h) = -h**2 - 14*h - 36. Let r be w(-12). Let m = r - -18. Suppose -s = m*s - 1155. What is the units digit of s?
5
Suppose -c - 3 = 2, 3*v + 2*c - 68 = 0. Suppose 1377 = -23*n + v*n. Suppose 5*t - 2*m - n = 0, 5*t - 3*m = m + 453. What is the units digit of t?
3
Let d(p) = -p**3 + 2*p**2 - p - 5. Let m be d(4). Suppose 27*g - 1326 = 14*g. Let l = g + m. What is the units digit of l?
1
Let s = 496 - 1328. Suppose 2*k + 3*m = 6*k + 3, -5*m = -2*k - 5. What is the units digit of s/65*(-5 + k)?
4
Let l(s) = 59*s**3 - 237*s**2 + 4 + 234*s**2 - s + 2. Let o be l(-2). Let y = -224 - o. What is the hundreds digit of y?
2
Suppose -35*v + 44100 = -15*v. Suppose -2*j = -5*l + v, 4*j - 411 = 4*l - 2175. What is the tens digit of l?
4
Suppose 2*r - 13 - 15 = -4*g, 0 = 4*r + 16. What is the hundreds digit of 201 - g/(27/(-21))?
2
What is the tens digit of 25836/(-14)*(-1848)/792?
0
Suppose 5*g + 35*a - 34*a - 8338 = 0, 2*g = -5*a + 3326. What is the hundreds digit of g?
6
Let y = 210 + 1543. What is the tens digit of y?
5
Let a(u) = 13*u**2 - 4*u + 48. Let w(l) = -l**2 - 7*l + 7. Let z be w(-9). What is the tens digit of a(z)?
6
Let t = 58505 - 18625. What is the units digit of t?
0
Let c be (29/(-87))/((-3)/(-108)*-2). What is the hundreds digit of 740/c*90/60?
1
Suppose -175*p - 43530 = -181*p. What is the hundreds digit of p?
2
Let r = 273 - 268. Suppose 960 + 235 = r*u. What is the hundreds digit of u?
2
Let s be (7/(63/36))/((-2)/(-2)). Suppose -s*f = 4*r + 4 - 100, 5*r + 170 = 5*f. What is the units digit of f?
9
Suppose 2*d = 3*l - 1077 - 191, -5*d = -2*l + 3148. What is the units digit of ((-18)/(-36))/(1/2) - d?
9
Suppose 5*h + 5*s - 2005 = 0, -h + 3*s + 817 = h. Suppose -3*z - 303 = -3*q - 0*z, -4*q - 5*z + h = 0. Let v = 296 - q. What is the units digit of v?
5
Suppose -201702 - 47580 = -66*y. What is the hundr